14989 - 38202, -1137608 = -4*t + 2*j. Is t a prime number?
False
Let d(k) = 8*k**3 + 3*k**2 - 7*k + 5. Let r = 156 - 33. Let w = -117 + r. Is d(w) composite?
True
Suppose -k = 5*a - 2142, -46*a + 50*a = -k + 2143. Is k a prime number?
False
Suppose -54*f - j - 153347 = -59*f, 6*j = -f + 30657. Is f a composite number?
True
Let y = 1223 - 546. Let s = y - 973. Is 4 - -1 - s - -2 a composite number?
True
Let r(z) = 10*z + 17*z**2 + 2*z + 17 - 23*z + 5*z. Let f be r(7). Suppose 2*v = f + 1706. Is v prime?
False
Let g be (10/(-5) - 2635) + 3. Let h = g + 3795. Let o = h - 754. Is o composite?
True
Is (1947032/(-16) + -6)*-2 composite?
False
Let q = 156 + 50. Suppose -5 = -w + q. Is w a composite number?
False
Suppose 83*i - 72024 = 79*i. Suppose -4*d - 3*a + i + 32560 = 0, -4*a + 25278 = 2*d. Is d prime?
False
Suppose 10*x - 324600 = 2*v, -22*v = 5*x - 24*v - 162305. Is x composite?
True
Let k(t) = -108071*t + 2051. Is k(-6) prime?
True
Suppose -39710 = -2*d + 2*x, 40*d - 99273 = 35*d + 4*x. Is d a prime number?
True
Suppose -29 = -3*g + 5*g + 3*p, g = -5*p - 11. Let w be ((-2)/(g/60))/(6/8). Suppose -w*a = -0*a - 2950. Is a a prime number?
False
Let g = 161 - -894. Suppose 15*d = 10*d + g. Is d composite?
False
Suppose 3*d = 3*d + 5*d. Suppose -2*k + 8 = -d*k. Suppose 3*s = -f + s + 793, -3*s = -k*f + 3161. Is f a prime number?
False
Let y(w) be the third derivative of w**7/420 - 2*w**6/45 - w**5/10 - 5*w**4/8 + w**3 + 7*w**2. Let f(c) be the first derivative of y(c). Is f(12) prime?
False
Let a = -185832 - -265669. Is a a composite number?
True
Let f(m) = -3*m**3 + m**3 + 12*m**2 - 4*m**2 - 17*m**2 + 19 + 7*m. Is f(-10) a prime number?
True
Suppose 0 = -339*h + 44*h + 5315214 + 8826791. Is h composite?
False
Let p = 126 - 123. Suppose 3*x = 7*x + p*g - 16297, -g + 8151 = 2*x. Is x composite?
True
Let j be (-153)/21 - (-8)/28. Let f(l) = l**2 + 8*l + 13. Let m be f(j). Suppose 0 = -m*c + 5*c + 613. Is c a composite number?
False
Let a be ((-4)/10)/((-3)/15). Suppose s + 2*m = -m - 5701, a*s + 11430 = m. Let v = -3870 - s. Is v composite?
True
Let i(g) be the second derivative of 145*g**4/6 - 25*g**3/6 - 46*g**2 + 252*g. Is i(-5) composite?
False
Let w(k) be the third derivative of k**6/90 + k**5/8 + 17*k**4/24 + 3*k**3/2 + 27*k**2. Let d(t) be the first derivative of w(t). Is d(-10) composite?
True
Let q = 20605 + 84714. Is q prime?
True
Let c(t) = 394*t**3 - 4*t**2 + 13*t + 37. Is c(8) composite?
True
Suppose -2*n + 7 + 1 = 0. Let w(j) = 6*j + 16*j - 5 - 2 + j. Is w(n) prime?
False
Let v = 1485 - -7402. Is v a prime number?
True
Is -2 + (3330/50)/((-2)/(-130)) a prime number?
True
Suppose 145 = 4*x + 41. Suppose -x*l - 189470 = -28*l. Is l composite?
True
Let w(j) = -5*j + 48. Let v be w(12). Let s be -4*(-3)/(v/(-6929)). Let m = s - -2228. Is m a prime number?
True
Let w be -2 + -8*4/(-8) + 235193. Suppose -w = -40*b + 23*b. Is b composite?
True
Suppose -5*t - 6*h + 24 = -3*h, 0 = -2*t + 2*h + 16. Let i(w) = w - 8. Let z be i(t). Is (40/60)/(z/(-10059)) prime?
False
Suppose 0 = -8*k + 3*g + 177500, k + 5*g - 88776 = -3*k. Is k composite?
False
Let v = -1613 - -1143. Let g = v + 919. Is g a composite number?
False
Suppose -3*h = 6, -7242 = -3*l + l + 2*h. Suppose -4*z - 4*b = -3640, -3*b - l = 3*z - 7*z. Is z composite?
False
Let z = 58 - 58. Suppose -5*v - 4*x + 17829 = z, -2*v + 901 + 6225 = 3*x. Suppose 4*s + 1029 = v. Is s composite?
True
Let w(d) = 3249*d**3 - 13*d**2 + 34*d + 1. Is w(2) prime?
False
Let q be 1 + (3 + -4)/((-1)/3843). Suppose q = -2*t + 4*t - 4*m, -4 = -2*m. Let j = t - 1139. Is j prime?
True
Is 0 - (3/(-3))/(6*(-6)/(-714276)) prime?
True
Let g be (-176)/(-7) - (-5)/(-35). Let v = -6 - -1. Is (-1 - 2)/(v/g) a composite number?
True
Let p = -18 - -22. Suppose 3*x + p*a = 22514, 5 = -2*a + 9. Is 7/(168/(-18)) + x/8 a composite number?
False
Suppose 5*d = -3*j + 17, -25 = -5*d - 0*j + 5*j. Suppose d*m = -4*b + 12917 + 1267, 2*m + 14214 = 4*b. Is b a prime number?
False
Suppose -1120*g + 1161*g = 1079899. Is g composite?
False
Let v(s) = s - 37. Let w(g) = 38. Let o(y) = -2*v(y) - 3*w(y). Let r be o(-27). Let f(k) = 78*k + 7. Is f(r) prime?
False
Let w = 6443 + -4085. Let t = 4939 - w. Is t prime?
False
Suppose 3*k - 1295379 = -21*m + 23*m, 0 = -3*k + 5*m + 1295361. Is k prime?
True
Suppose -5*f = -11930 - 11780. Suppose -59*d - f = -61*d. Is d prime?
True
Let c(i) = -3*i + 7146. Let k(s) = 4*s - 7145. Let f(w) = 6*c(w) + 4*k(w). Let z be f(0). Let l = -9437 + z. Is l a prime number?
False
Suppose 54*c + 17*c = -2*c + 6333553. Is c prime?
False
Let n be (32/6)/(1768/663). Let m = -15 - -21. Suppose -3*d = -5*g - 2062, d - m*g = -n*g + 685. Is d prime?
False
Let c = -242108 - -430887. Is c a composite number?
False
Let z = 2174731 - 1080002. Is z composite?
True
Let o = 21883 - 6810. Is o a composite number?
False
Let c be (-126)/(-33) - ((-24)/(-22))/(-6). Suppose -975 = c*i + 4345. Is -3 + i/(-8) + (-1)/4 composite?
False
Let t be 32*-1*(2 + (-7 - -331)). Let q = 14945 + t. Is q a prime number?
True
Let s(a) = 37*a**3 + 4*a**2 + 5*a + 2. Let l be s(6). Let v = 15003 - l. Suppose -8*d + v = -3*d. Is d a prime number?
True
Let p(v) = v + 9. Let i be p(-4). Suppose z - w - 100 = -2*w, i*w = -2*z + 203. Suppose 3*s - 105 = 2*c, -3*s + 4*c + z = -0*s. Is s prime?
True
Suppose 4*c + 2*z + z = 40, -5*c = 2*z - 50. Is (-7421 - c)*1/(-3) a composite number?
False
Is 12/24*1526588/14 prime?
True
Let r(q) = -32*q - 4. Let f be r(-3). Let n be (57/(-2))/((-2)/f) - 2. Suppose 2*d - 3*a - n = 0, 4*a + 93 + 1221 = 2*d. Is d a composite number?
False
Let n(d) = -12*d - 35. Let k be n(-3). Is 13740/(-8)*(-8)/12*k prime?
False
Let m(h) = 2*h**3 - 5*h**2 + 6*h - 3. Let l be m(2). Suppose 2*x - 3*y - 6452 = 0, -l*x = 11*y - 6*y - 16105. Is x a composite number?
True
Suppose -12*h + 44*h = -27*h + 7768471. Is h a prime number?
False
Let g = 19 - 6. Suppose -17149 = 2*r - g*r. Is r prime?
True
Suppose -3*l = 7*b - 3*b - 1627222, 5*l + 406817 = b. Is b a composite number?
False
Suppose 6*i = -4*t + 11*i + 40, 0 = 2*t - 5*i - 30. Suppose 0 = t*y - s + 21028 - 63747, -4*y - 2*s = -34164. Is y a prime number?
True
Is (-36)/(-156) - 2618932/(-377) a prime number?
True
Suppose -15*p + 49 = -26. Suppose -p*r + 6*r = 3*c - 1981, 2*c + 3*r - 1339 = 0. Is c a prime number?
False
Let i(r) = -4056*r**3 + 5*r**2 + 2*r - 9. Let a be i(4). Let o be a/(-45) - (-4)/18. Suppose -s - 3*n + 751 = -388, o = 5*s - 3*n. Is s composite?
False
Let n = 185 - 174. Suppose -n*l + 15*l = 7804. Is l a composite number?
False
Let p(q) = 1533*q**2 + 5*q - 1. Let b(w) = 14*w + 71. Let v be b(-5). Is p(v) a composite number?
True
Let k be 1158 + ((-48)/3)/4 + 8. Suppose -k = -2*l + 2892. Is l a prime number?
True
Let s(a) = 195*a**2 + 36*a + 644. Is s(31) a prime number?
False
Suppose 0 = -3*i - 41*i + 21073411 + 8491641. Is i prime?
True
Suppose 0 = -6*f - 7 - 17. Is -3 - 4938/(f - -1) prime?
False
Let t(q) = 6172*q**2 - 53*q - 1. Is t(-2) composite?
False
Let d be 48/30*20/8. Suppose -8*p = -d*p - 1228. Is p a composite number?
False
Suppose 75 - 69 = -2*l, -l - 1082738 = -5*g. Is g a prime number?
False
Let g(b) = -1162*b**3 + 3*b + 2. Let n be g(-1). Suppose -2*t + n + 13297 = 4*u, -36118 = -5*t - u. Is t composite?
True
Suppose -65*j + 20590460 = 81*j + 74*j. Is j a prime number?
False
Let b = -95 + 19. Let y = 80 + b. Suppose -5*r + 11126 = -3*c, r - y*c - 2224 = -3*c. Is r prime?
False
Let d = -17 + 11. Let t(a) = a**2 + 8*a + 23. Let h be t(d). Suppose 7*p + 3596 = h*p. Is p prime?
False
Let g be (-14332)/(-6) + (-5)/(-15). Suppose -g - 2003 = -8*r. Suppose -4*i = -5*i + 5*n + 521, -i + r = 2*n. Is i a prime number?
True
Let a(d) = -d**3 + 19*d**2 + 67*d - 19. Let i be a(22). Is (-15018)/(-12)*(5 - i) composite?
False
Is 16475732/49 - (-51)/(-119) a composite number?
False
Let i = -138 - -169. Suppose 42*c - i*c - 105589 = 0. Is c a composite number?
True
Suppose 25099*a = 25110*a - 5384819. Is a a prime number?
True
Is (1018 + -9)/((-8)/(-136)) prime?
False
Suppose -6*n = -2*n + 24. Let x(g) = 3*g**3 - 10*g**2 - 7*g - 3. Let z be x(n). Let a = -552 - z. Is a a prime number?
False
Let i = 430 - 427. Suppose i*b - 4313 = -v, 3*b + 3*v + 2890 = 5*b. Is b prime?
True
Let 